 d/(-28) + 24/(-14). What is the units digit of c + (1 - -9) + 0?
8
Let q(s) = -4*s**3 - 2. Let l be q(-2). Suppose -5*p + 0*p = -l. Suppose n + p*d + 13 = d, 26 = 2*n - 3*d. What is the units digit of n?
7
Let y = 9 + 148. Suppose -7 = 3*c - y. What is the tens digit of c?
5
Let u(s) = s**2 + 2*s - 12. Let x be u(-5). Let f = x + 14. What is the units digit of f?
7
Suppose 0*j + 8 = 2*j. Let r be -3*((-8)/6 + 1). Let t = j + r. What is the units digit of t?
5
Let s = -90 + 150. What is the units digit of s?
0
Let p(h) = -h + 2. Let w be p(-4). Suppose -4*n = -4*o, 9*n - 45 = -4*o + 4*n. Suppose -3*y - 1 = 2*l - o, -3*l + 3*y + w = 0. What is the units digit of l?
2
Let f(h) = h**2 + 4*h + 3. Let y be f(-4). Suppose i + 0*i - y = 0. Let j = i + -1. What is the units digit of j?
2
Suppose -4 = w - 0*w. Let c be w/18 + (-11)/(-9). What is the units digit of (8/(-2))/(c/(-2))?
8
Let w(g) = 3*g + 1. Let v be w(-1). Let t be (-1)/(v*(-1)/(-6)). Suppose o + t*o = 8. What is the units digit of o?
2
Suppose -3*l + 2*l = -8. Suppose -3*r = -4*g + 7, -g + 4*r - l = -0*g. What is the units digit of g?
4
Let v(x) = 7*x - 1. Let s be v(1). Let o be s/(-4)*10/(-3). Suppose 0 = o*f + 8 - 33. What is the units digit of f?
5
Let b = 13 + -8. Suppose 3 = -4*k - b. What is the units digit of k + (-2 - -6) + 10?
2
Suppose -6*m + 8 = -4*m. What is the units digit of (-6)/m*(-38)/3?
9
Let f = -1 - 0. What is the units digit of 12*(-6)/(-9) - f?
9
Suppose 9*f = 668 + 1024. What is the tens digit of f?
8
Let q(f) = -8*f + 33. What is the units digit of q(-11)?
1
Let c(y) = 3*y**2 + 12*y - 12. What is the units digit of c(-8)?
4
Let u = -12 + -32. Let x = -91 + 65. Let i = x - u. What is the tens digit of i?
1
Suppose 0 = 3*m - 3*c - 372, -2*c = -5*m - 0*c + 626. What is the units digit of m?
6
Let j(u) = -u + 5. Let l be j(7). Let p(a) = 2*a**2 - 2*a + 1. Let b be p(2). Let t = b + l. What is the units digit of t?
3
Let v(a) = 5*a**2 + 10*a + 5. What is the units digit of v(-5)?
0
Let j(q) = q - 9. Let y(n) = -2*n - 2. Let d be y(-5). Let m be j(d). What is the units digit of (m/(-2) + 1)*2?
3
Let u(b) = -b**3 + 16*b**2 - 15*b + 9. What is the units digit of u(15)?
9
Let f(z) = -z + 7. Suppose 0 = 2*n - 10. What is the units digit of f(n)?
2
Let b = -658 - -941. What is the tens digit of b?
8
Let u = -16 - -8. Let t = -7 - u. What is the units digit of t?
1
Let f(m) = -215*m**3 + 1. Let n be f(1). Let z be (-2)/4 + n/4. What is the units digit of (-4)/18 - 174/z?
3
Suppose 30 = 5*f + 5*r, 4 - 14 = -f - 5*r. Suppose -f*q + 35 = 2*v, -9 = -2*q + 1. What is the units digit of v?
5
Suppose 4*k + 9 = -4*g - 15, 5 = 5*g. Let q(j) be the third derivative of -j**5/60 - 3*j**4/8 - j**3 + j**2. What is the units digit of q(k)?
8
Suppose 0 = 5*y + 5*t - 915, -2*y + t = -4*y + 364. What is the hundreds digit of y?
1
Let g(r) = r**2 - r. Let m(p) = 2*p**2 + 2*p + 2. Let q be m(-2). Let y = q + -4. What is the units digit of g(y)?
2
Let t(i) = -i**2 - 10*i. Let n(f) = -2*f**2 - 21*f - 1. Let a(l) = -2*n(l) + 5*t(l). What is the units digit of a(-6)?
4
Let j(f) = -34*f - 3. What is the tens digit of j(-2)?
6
Let r = -3 - -393. What is the tens digit of (2/(-3))/((-20)/r)?
1
Let j = 1 + 0. Let x be ((-2)/(-2))/(j/3). Suppose -3 = 2*l - x*l. What is the units digit of l?
3
Suppose -5*f + 30 = -0*f. What is the units digit of f?
6
Let d(n) = n - 11. Let j be d(8). Let a = j + 17. What is the tens digit of a?
1
Suppose 0 = 5*j - 5*t - 15, -3*j + 5*t = t - 12. Suppose j = 4*n - 2*n. Suppose -c + 19 = 5*h, 2*h - h + 4*c = n. What is the units digit of h?
4
Suppose 0 = -5*n - 3*o + 166, 5*n + o = 198 - 36. What is the tens digit of n?
3
Suppose -366 = -5*n - n. What is the tens digit of n?
6
What is the tens digit of (0 + (-774)/12)/(2/(-4))?
2
Let n(l) = l**2 - l - 2. Let h be n(0). Let y be 1/h*2 + 1. Suppose 3*o + 9 = 4*p - 3*p, -4*p - o + 49 = y. What is the units digit of p?
2
Suppose 3 = g + 3*z, g = 3*g + 3*z - 9. Suppose -2*s = -g*s. Suppose s = -d + 2. What is the units digit of d?
2
Let z be (4/5)/(2/10). Suppose 9*g - v = z*g - 5, 0 = -g - v + 5. Suppose m = -g*m + 9. What is the units digit of m?
9
Suppose -4*d = 4*l + d + 7, -5*d - 13 = l. Suppose -4*v = -l*v. Suppose -3*j + j + 22 = v. What is the tens digit of j?
1
Let g = -10 - -22. Let m be 4/g - 88/(-6). Suppose m = 5*k, 0*z + z = 5*k - 10. What is the units digit of z?
5
Suppose -60 - 345 = -5*x. Suppose 0 = 5*i - t - 135, 2*t + x = 3*i - 2*t. Suppose i = b - 5*s, 3*b + 3*s - 2 = 25. What is the tens digit of b?
1
Suppose -n + 24 = -3*b, 2*n + 9 = -3*b - 2*n. Let i = 10 + b. Suppose -3*y + l + 10 = -11, -i*y = 3*l - 33. What is the units digit of y?
8
Let b(c) be the first derivative of 4*c**3/3 + c**2/2 + c - 2. What is the tens digit of b(3)?
4
Let g = -10 + 15. Let h = g - -26. What is the units digit of h?
1
Let o = -6 - -7. Let g(r) = 2*r + 1 - 6*r + 8*r**2 + 2*r. What is the units digit of g(o)?
7
Let b(z) = z + 6. Let o(g) = -g - 1. Let s be o(2). Let p be b(s). What is the units digit of -2*(-10)/12*p?
5
Let m = -136 - -239. What is the hundreds digit of m?
1
Let n(q) = q**2 + 3*q - 2. Let o be n(-2). Let c = o - -3. Let x = 0 - c. What is the units digit of x?
1
Suppose -m = 3*m - 20. Let i = m - 1. What is the units digit of i?
4
Let m = -8 - -5. Let r be (12/(-8))/(m/4). Suppose -r*j - j = -24. What is the units digit of j?
8
Suppose -2*z = 4*a - 80, -29 + 199 = 5*z + 4*a. What is the units digit of z?
0
Suppose 0*c = 5*c - q - 75, -3*c = -3*q - 45. What is the units digit of c?
5
Suppose 6*y - 81 = 3*y + 3*h, -4*h = -12. What is the tens digit of y?
3
Let r = 0 - -3. Suppose r*n + n - 20 = 0. What is the units digit of n?
5
Suppose 0 = 3*l + 5 - 17. Suppose 2*i = l*i. Suppose -h - h + 4 = i. What is the units digit of h?
2
Let r = 16 - 7. Let v(p) = 3*p - 12. What is the tens digit of v(r)?
1
Suppose -34 = -2*b + 118. What is the units digit of b?
6
Suppose 2*f + 0*y + 6 = -4*y, 2*f - 3 = -y. Let n(j) = j - 5. Let q be n(11). What is the units digit of q/9 - (-1)/f?
1
Let w be (-3 + -3 + 4)*2. Let x be ((-6)/w)/((-4)/(-16)). Suppose 4*a = 2 + x. What is the units digit of a?
2
Let u(s) = s**2 + 1. Let h(n) = 4*n**2 - n + 8. Let t(j) = -h(j) + 5*u(j). Let x be t(-3). Suppose 6 + 9 = x*k. What is the units digit of k?
5
Suppose 5*w + 144 = 4*l, 2*l + l - 73 = -5*w. Suppose -l = 5*x - 6. Let s = -2 - x. What is the units digit of s?
3
Suppose 4*v - 16 + 4 = 0. Suppose 4*l = 8 - 0. Suppose t = -0*t + v*z + 16, 3*z = l*t - 23. What is the units digit of t?
7
Suppose -6*t + 20 = -82. What is the units digit of t?
7
Let m(x) = x**2 + 7*x - 9. Let n be 1*(3 - 3) - -9. Suppose -3*j - 18 = n. What is the units digit of m(j)?
9
Let n(p) = -p**3 - 2*p**2 - 3. Let i be n(-3). Let v be 92/i - 4/(-6). Suppose -4*b = v, b + 7 = -z - b. What is the units digit of z?
1
Let y = -6 + 6. What is the units digit of y + 7/(21/36)?
2
Let n(v) = -2*v + 2. Let z be n(-7). Suppose 0 = 2*u + 2*y - z, 4*y = 3*u - 25 + 8. What is the units digit of u?
7
What is the units digit of (40/15)/(4/78)?
2
Let j(x) = 3*x**2 - x + 3. What is the units digit of j(3)?
7
Suppose -2*q + 36 = 2*q. Suppose -2*g = -p - q, 4*g - 13 = 4*p + 7. Let j(o) = -o**2 + 6*o. What is the units digit of j(g)?
8
Suppose 4*i - 4 - 16 = 0. Suppose -5*n - i*v - 1 = -81, n - 3*v = 0. Suppose 0 = -y + 3*f + 15, 2*f - n = 2*y - 38. What is the units digit of y?
2
Let a(o) = 8*o**2. Let y be a(1). Let m(c) be the third derivative of -c**5/60 + 5*c**4/12 - 5*c**3/3 - c**2. What is the units digit of m(y)?
6
Let q(d) = -d**3 - 3*d**2 - 2*d + 4. Let p = -15 + 11. What is the units digit of q(p)?
8
Let x = 220 - 111. What is the units digit of x?
9
Let p = 93 + -71. What is the units digit of p?
2
What is the hundreds digit of 2770/25 + 2/10?
1
Let q(u) = 4*u + 18. What is the units digit of q(8)?
0
Suppose -2*v = -n - 5, 2*v - 4*n - 6 = v. Suppose v*x - 23 = -4*l - x, 3*x - 13 = -2*l. What is the units digit of l?
5
What is the tens digit of ((-186)/4)/(1/(-4))?
8
Let i(h) = -58*h - 16. What is the units digit of i(-5)?
4
Let m(r) = 2*r**2 - r - 2. Let j(q) = q**2 - q - 2. Let o be j(3). What is the units digit of m(o)?
6
Let t be (0 - (0 - 0))/2. Suppose t*c + 4*l - 75 =